f 1090114000?
0
What is the units digit of 3311485404?
4
What is the hundreds digit of 4840523457?
4
What is the thousands digit of 517971944?
1
What is the ten millions digit of 11876203?
1
What is the ten millions digit of 789353738?
8
What is the tens digit of 4936378025?
2
What is the hundred millions digit of 304639623?
3
What is the hundred millions digit of 647288187?
6
What is the ten thousands digit of 153813159?
1
What is the tens digit of 856675534?
3
What is the ten millions digit of 1790203424?
9
What is the millions digit of 226683385?
6
What is the millions digit of 11806563?
1
What is the tens digit of 12269338?
3
What is the thousands digit of 62495718?
5
What is the thousands digit of 2982376?
2
What is the thousands digit of 199697236?
7
What is the hundred millions digit of 188951705?
1
What is the ten thousands digit of 168859549?
5
What is the units digit of 79416479?
9
What is the ten thousands digit of 2342075116?
7
What is the tens digit of 14672458?
5
What is the hundreds digit of 34507300?
3
What is the thousands digit of 29353414?
3
What is the billions digit of 3691047496?
3
What is the units digit of 78387934?
4
What is the thousands digit of 33825012?
5
What is the ten thousands digit of 19485123?
8
What is the tens digit of 2073208622?
2
What is the hundred thousands digit of 57530466?
5
What is the ten millions digit of 38774464?
3
What is the tens digit of 3221279977?
7
What is the hundred thousands digit of 3546877130?
8
What is the millions digit of 7680569?
7
What is the millions digit of 195921125?
5
What is the thousands digit of 2475307437?
7
What is the hundreds digit of 655925910?
9
What is the thousands digit of 82792546?
2
What is the ten thousands digit of 4115506217?
0
What is the units digit of 1947278?
8
What is the ten millions digit of 85870026?
8
What is the hundreds digit of 1572232902?
9
What is the thousands digit of 163938339?
8
What is the units digit of 48113743?
3
What is the hundred thousands digit of 867618118?
6
What is the hundred millions digit of 227997331?
2
What is the ten thousands digit of 3678308024?
0
What is the tens digit of 208294798?
9
What is the hundreds digit of 74807383?
3
What is the thousands digit of 69881920?
1
What is the tens digit of 50664204?
0
What is the hundred millions digit of 164626498?
1
What is the ten millions digit of 276329622?
7
What is the billions digit of 1399962650?
1
What is the hundred thousands digit of 143486856?
4
What is the hundred thousands digit of 30714244?
7
What is the thousands digit of 57503801?
3
What is the tens digit of 940623815?
1
What is the millions digit of 1703813591?
3
What is the hundred thousands digit of 2409395642?
3
What is the tens digit of 73669295?
9
What is the tens digit of 1491580737?
3
What is the ten millions digit of 5388537673?
8
What is the tens digit of 82758391?
9
What is the ten thousands digit of 11209194?
0
What is the hundred thousands digit of 42170503?
1
What is the units digit of 73488830?
0
What is the millions digit of 3170768603?
0
What is the ten millions digit of 72099840?
7
What is the ten millions digit of 257754590?
5
What is the hundred thousands digit of 586864613?
8
What is the millions digit of 61901959?
1
What is the units digit of 3933292782?
2
What is the thousands digit of 2796523437?
3
What is the thousands digit of 2463744470?
4
What is the millions digit of 93286102?
3
What is the hundred thousands digit of 174880697?
8
What is the ten thousands digit of 204048402?
4
What is the ten thousands digit of 71251741?
5
What is the millions digit of 792601305?
2
What is the hundreds digit of 61556693?
6
What is the hundreds digit of 73889861?
8
What is the tens digit of 1935951348?
4
What is the units digit of 18480812?
2
What is the hundred thousands digit of 1303994065?
9
What is the units digit of 89220327?
7
What is the hundreds digit of 218510190?
1
What is the hundreds digit of 88564963?
9
What is the hundreds digit of 3514934516?
5
What is the ten millions digit of 76132422?
7
What is the tens digit of 802082647?
4
What is the tens digit of 689543501?
0
What is the ten thousands digit of 18540333?
4
What is the ten thousands digit of 629903732?
0
What is the tens digit of 3579738?
3
What is the millions digit of 756635788?
6
What is the millions digit of 73834296?
3
What is the thousands digit of 41171275?
1
What is the millions digit of 193585027?
3
What is the hundred millions digit of 1285584151?
2
What is the hundred thousands digit of 271570935?
5
What is the millions digit of 531598226?
1
What is the thousands digit of 138588076?
8
What is the units digit of 170208989?
9
What is the tens digit of 3192553026?
2
What is the thousands digit of 194869825?
9
What is the ten thousands digit of 201805366?
0
What is the ten thousands digit of 21808388?
0
What is the millions digit of 262303544?
2
What is the hundred thousands digit of 649621946?
6
What is the millions digit of 14888637?
4
What is the hundred millions digit of 240147665?
2
What is the thousands digit of 238587632?
7
What is the thousands digit of 877189147?
9
What is the hundreds digit of 3897916?
9
What is the ten thousands digit of 2485048?
8
What is the units digit of 4319725091?
1
What is the tens digit of 62499790?
9
What is the ten thousands digit of 89881761?
8
What is the ten thousands digit of 568864262?
6
What is the millions digit of 280787894?
0
What is the tens digit of 71283131?
3
What is the hundreds digit of 30253410?
4
What is the tens digit of 686279847?
4
What is the units digit of 924955129?
9
What is the hundred millions digit of 151016169?
1
What is the millions digit of 880338977?
0
What is the thousands digit of 329080223?
0
What is the hundred millions digit of 1411092195?
4
What is the units digit of 110143109?
9
What is the ten millions digit of 54499911?
5
What is the tens digit of 223373516?
1
What is the hundreds digit of 54349476?
4
What is the ten thousands digit of 98816330?
1
What is the hundred millions digit of 168691651?
1
What is the hundreds digit of 191825210?
2
What is the thousands digit of 33762072?
2
What is the hundred thousands digit of 548173793?
1
What is the units digit of 313516547?
7
What is the units digit of 689533059?
9
What is the units digit of 14081378?
8
What is the hundreds digit of 27473545?
5
What is the thousands digit of 191554223?
4
What is the thousands digit of 196283173?
3
What is the ten millions digit of 50598410?
5
What is the millions digit of 774936358?
4
What is the hundreds digit of 7696649?
6
What is the units digit of 1671277937?
7
What is the hundred thousands digit of 3713488727?
4
What is the units digit of 1444574396?
6
What is the hundred thousands digit of 110705430?
7
What is the millions digit of 2497912388?
7
What is the hundred thousands digit of 103319000?
3
What is the units digit of 358195254?
4
What is the thousands digit of 59893314?
3
What is the ten millions digit of 36568139?
3
What is the billions digit of 2524890568?
2
What is the ten millions digit of 128417000?
2
What is the hundred thousands digit of 88031404?
0
What is the tens digit of 305565222?
2
What is the tens digit of 718078?
7
What is the thousands digit of 8617290?
7
What is the hundred thousands digit of 398753683?
7
What is the thousands digit of 3322171380?
1
What is the hundred thousands digit of 47250503?
2
What is the tens digit of 1474379774?
7
What is the tens digit of 64115963?
6
What is the hundred millions digit of 2254393213?
2
What is the units digit of 32669762?
2
What is the ten millions digit of 23451169?
2
What is the hundred thousands digit of 64805208?
8
What is the units digit of 104525236?
6
What is the hundred thousands digit of 2789350662?
3
What is the hundreds digit of 570419819?
8
What is the hundreds digit of 1637536995?
9
What is the units digit of 44558259?
9
What is the ten millions digit of 36504655?
3
What is the units digit of 51281538?
8
What is the ten thousands digit of 1242768221?
6
What is the units digit of 437733470?
0
What is the millions digit of 162912370?
2
What is the ten thousands digit of 384669300?
6
What is the units digit of 2415311017?
7
What is the hundreds digit of 146455858?
8
What is the hundred m